).
-4
-15 + 17 - 4 - 1
-3
What is the value of -5 - (-1 - (10 + -1))?
5
Evaluate (-9 - (-2 + -12)) + -2.
3
What is the value of -13 + 5 + -15 + 16?
-7
Evaluate -3 + 0 + 5 + -5.
-3
What is -1 + -4 + 27 + -19?
3
Evaluate (-2 - -9) + -13 + 6.
0
What is (-1 - (8 + -15)) + 1?
7
Calculate 44 + -50 + (2 - -2).
-2
What is -3 + (6 + -7 - -1)?
-3
What is the value of 49 - 56 - (-3 + (0 - 0))?
-4
(-1 - -6 - 7) + 4 - 3
-1
What is the value of (1 - 0) + 0 + -4?
-3
(-19 - -17) + 0 + 1
-1
(43 + -44 - (0 - 4)) + 2
5
Calculate -3 + 4 + -2 + (6 - 5).
0
Calculate -2 + (3 + -5 + 3 - 2).
-3
What is the value of -10 + 6 + -2 + 2?
-4
Evaluate -1 + 6 - (-4 + 10).
-1
Calculate 6 - (3 - 7 - -8).
2
Calculate -5 + (9 - 5) - 6.
-7
What is the value of 2 + -5 + (-3 - -13) + -9?
-2
What is the value of 17 + -12 - (5 - 1 - 2)?
3
Calculate (1 - (-1 + 5) - 0) + 2.
-1
Calculate 2 + 3 + (6 - 1) + -1.
9
What is 16 - (-1 + (4 - -7))?
6
What is -15 - -15 - (1 + 2)?
-3
-5 + 2 + 2 - 3
-4
What is the value of (11 + -1 + -6 - 7) + -5?
-8
8 + (6 - 13) + -3 - -2
0
What is the value of (5 - 2) + -2 - 3?
-2
Evaluate -1 + (2 - 0) + (-75 - -74).
0
What is the value of (63 - 58) + 2 + -5 + -1?
1
-3 + 2 + (-1 - -2 - 0)
0
Evaluate 10 + -2 + -4 + 1.
5
Evaluate 9 + 5 + 1 + -11.
4
Calculate -9 + -20 + 27 + (-1 - 2).
-5
What is -1 - (3 - (2 - -3) - -5)?
-4
2 - (12 + -7) - (2 - 0)
-5
Evaluate -3 + (4 - (0 - -2)) + 3.
2
What is the value of (8 - 0) + -1 - 2?
5
Calculate 6 + -10 + 1 + 8.
5
-2 - ((-2 - 1) + 2)
-1
-15 + 4 - (-10 - -3)
-4
What is the value of 7 - 6 - 7 - -1?
-5
Evaluate -4 + 4 - (6 - 10).
4
Evaluate (3 - 0) + -2 + -2 + -2.
-3
What is (0 - 11 - -11) + 6 + -2?
4
(9 - (4 - (0 + 0))) + -1
4
What is 224 + -231 + 1 + -1 + 2?
-5
What is (5 - (2 - (-4 + -2))) + 2?
-1
Calculate 11 - (9 + -7 + 8).
1
Evaluate (0 - 1) + (3 - -1 - 4).
-1
Calculate -7 + (1 - (1 + -6)).
-1
What is -2 - (-6 + 10 + -1 + -2)?
-3
18 - -4 - (44 - 31)
9
What is the value of 0 + -2 + (-8 - -5)?
-5
Calculate (0 - -4) + (-14 - (4 - 12)).
-2
Calculate -2 + 3 + -4 + 10.
7
(1 - 3) + (-3 - 2 - -3)
-4
1 + -3 - (-11 - -10)
-1
What is the value of -26 + 27 - (5 - 1 - 1)?
-2
What is -1 - 0 - (-34 - -24)?
9
Evaluate (11 + 9 - 8) + -19.
-7
What is -2 + 4 + (0 - 7)?
-5
What is 4 + (-4 - (-1 - 1))?
2
Evaluate -3 + 8 - (4 - -5) - -1.
-3
Evaluate -2 - (2 + -6) - 2.
0
Evaluate -5 + (0 - 3) + 4 + -6.
-10
What is the value of 16 + (11 - 8) - 10?
9
What is -10 + 15 + -10 - -16?
11
What is the value of (4 - 1) + (28 - 57) + 22?
-4
What is the value of (-2 - (-7 - -2)) + (-104 - -101)?
0
-5 - 2 - ((1 - 6) + 1)
-3
Calculate -1 + 5 - (68 + -59).
-5
0 - (10 + (2 - 8))
-4
What is the value of (-3 - -2) + -14 + 8 + 7?
0
Evaluate (0 - -12) + (-1 - 6).
5
What is the value of -2 - (0 + 0 - (1 - 0))?
-1
What is (-4 - 0) + -20 + 23?
-1
-5 - -11 - (4 - 2 - 1)
5
2 + (2 + 1 - (-7 - -10))
2
-7 + -1 + (1 - 2) - -4
-5
What is 9 - 0 - (-4 - (-14 - -7))?
6
Calculate 27 - (15 - 3) - 10.
5
Calculate 4 - -1 - (-5 - (-9 + 2)).
3
What is the value of 4 + (-2 - (1 + (3 - 6)))?
4
What is the value of 7 + -2 + 0 - (4 + -2)?
3
What is the value of 3 + (1 + 1 - -2)?
7
-1 + -2 + 1 + 2 + 3
3
14 - 8 - (13 + -2)
-5
5 - (-10 + (12 - -2))
1
Calculate 3 + (14 - 1 - 9).
7
4 + (-3 + -8 + 6 - -4)
3
What is the value of 3 - (-4 + (8 - 3))?
2
Calculate (-4 - (-15 + (0 - -4))) + -5.
2
-4 + -4 + (-4 - -17) + -1
4
1 + -7 - (-31 + 23) - -5
7
Evaluate -8 + (8 - 1) - -5.
4
Evaluate (2 - 3) + -17 + 15.
-3
What is 21 - 16 - (-1 + 11)?
-5
Calculate -3 + -1 - -6 - (2 - 2).
2
What is the value of (-7 - -4 - 0) + 4?
1
What is 9 + -7 + 8 + -18?
-8
Evaluate 5 - 3 - (5 - 2).
-1
What is (-15 - (-15 + 7)) + 2?
-5
Evaluate (0 + 3 - (0 + 3)) + 3.
3
What is the value of (1 - 2) + (11 + -14 - -7)?
3
What is (4 - 0) + (-1 - (7 + 3))?
-7
2 + 1 + 0 + 1
4
What is 2 - (2 - ((-15 - -7) + 3))?
-5
What is the value of (4 - (4 - 4)) + -2?
2
0 - (-5 - -1 - 0) - -1
5
What is -5 + 8 + 3 - -1?
7
Calculate -4 + 8 + 10 + (-9 - 7).
-2
Evaluate -4 - ((3 - -3) + (-11 - -8)).
-7
Evaluate (-1 - (-4 - -4)) + 2 + -6.
-5
Calculate 4 + -3 - (7 + 1).
-7
What is -3 - (-5 + (-5 + 5 - -2))?
0
Calculate 8 - (15 + -16 + 7).
2
Evaluate -17 - (-1 + 7 + -18).
-5
Evaluate (-17 - -23) + (0 - 2).
4
Calculate 5 - 2 - 4 - (0 + -4).
3
What is (2 + 2 - 9) + (-2 - -4)?
-3
What is the value of 14 + -8 - -7 - 13?
0
(-1 - -6) + (3 + 1 - 2)
7
-11 - -10 - (1 - (0 + -1))
-3
What is the value of 7 + 0 + 14 + -8 + -9?
4
Evaluate 3 - -4 - (23 + -3 + -5).
-8
-2 + 4 - (-77 - -75)
4
What is the value of -4 + (2 + 3 - 0) - 4?
-3
Calculate -3 - -4 - (4 + -2 + 0).
-1
Calculate 1 + 0 + 4 - 5.
0
Evaluate -5 - -2 - (-4 + -3).
4
0 - (4 - (-5 - -6))
-3
(13 + -8 - 0) + -2 + -3
0
What is (-12 - -10) + -1 + -1?
-4
Evaluate (1 - 3) + (4 - -2).
4
What is the value of (7 - 2) + 1 + -6?
0
Calculate -5 - -8 - (1 - -2) - 9.
-9
Evaluate -2 - (-7 + 4 + -4).
5
Evaluate (2 - 4) + -1 + 6.
3
What is the value of 1 + -2 + (-11 + -4 - -13)?
-3
(-11 - -13) + (-2 - -1) - 5
-4
(-5 - -3 - 1) + (9 - 1)
5
Evaluate -9 - (-6 + 6 + -3).
-6
Calculate -14 - ((-9 - 8) + 13).
-10
Calculate (0 - 4 - (6 + -5)) + 2.
-3
Calculate 4 + 0 + 1 - 10.
-5
Evaluate -10 - (-7 + -2 - -3).
-4
Calculate 1 + 4 + -7 + 3.
1
-16 + 4 + (-1 - (-3 + -1))
-9
Calculate -12 - (-2 + 10 - 18).
-2
-4 - -4 - 4 - 1
-5
8 + (-22 - -8) + -1
-7
3 - (2 + 0 - (4 + -8))
-3
What is the value of 2 - (4 - 0) - 2?
-4
(3 - 0) + (-1 - -2) + -3
1
Calculate -3 + (-2 - (-8 + 2 - -2)).
-1
What is the value of 22 + -23 + (4 - -1)?
4
What is -14 + 0 + 4 - -14?
4
What is -9 + (-3 - (-1 - 6))?
-5
(-5 - -8) + -4 + -1
-2
What is the value of -8 - (6 - (1 - -12))?
-1
-3 + 0 + (13 - 12)
-2
Evaluate (4 - 13) + -3 + 5 + 3.
-4
Evaluate 2 + -6 + 11 - 4.
3
Calculate (-5 - (5 + -5)) + 3.
-2
Calculate (11 - 22) + 16 + 1 + 0.
6
Calculate (2 - 2 - -5) + -10 + 12.
7
What is the value of -6 + 2 + (-2 - -1)?
-5
What is -12 + (17 - 5 - (14 + -8))?
-6
Evaluate 8 + 8 + 0 + (-15 - -5).
6
What is the value of 4 + -2 + (-4 - (-1 + -9))?
8
Calculate -6 + -5 - -8 - 3.
-6
What is -1 + (2 - (-6 + 2))?
5
What is 2 + -3 - 3 - -9?
5
Evaluate (-8 - (7 + -15)) + 7.
7
What is the value of -7 - (-4 - 0 - (-3 - -1))?
-5
What is 2 + 5 + 8 + -20?
-5
(-2 - 6) + (-22 - -24)
-6
Calculate -4 + (6 - (1 + -2)).
3
(-1 - 0) + (2 - 2)
-1
What is the value of -3 + (1 - -4 - (2 - 1))?
1
9 - 8 - ((-4 - -4) + -1)
2
What is the value of (13 + -10 - -8) + -9?
2
Calculate 2 - 18 - (97 + -109).
-4
What is -4 + 8 + -12 + 10?
2
5 + -1 - (11 + -5 + -9)
7
Calculate 11 + (-8 - (-13 - -18)).
-2
Evaluate -22 + 16 + (-1 - -1).
-6
Evaluate -18 + -11 + 18 - -11.
0
12 + 2 + (-8 - -1) + 2
9
Evaluate (-7 - (-4 + -2)) + 7.
6
-3 - (-4 + -1) - 2
0
What is the value of 0 + 3 + -4 + (-10 - -11)?
0
-6 + 4 + (-2 - (-5 - 1))
2
What is the value of -34 - -31 - (0 + -1)?
-2
Evaluate 1 + 5 - (-14 + 30).
-10
-3 - 2 - -18 - 3
10
(-2 - 2) + (-12 - -14) + 1
-1
Calculate -133 + 132 + (-2 - 7 - -2).
-8
What is the value of -3 + (-5 - -2) + 5?
-1
What is 11 + (-13 + 7 - 11)?
-6
What is the value of (-7 - -5) + -5 - -5?
-2
1 - (-1 + 0) - (32 + -36)
6
Evaluate 4 + -8 + 7 + (-6 - 0).
-3
What is the value of -5 - (-7 + (-4 - -4 - -3))?
-1
What is 0 + -1 + 0 - -4?
3
Calculate -1 + -2 - (-6 - (-3 + 0)).
0
What is the value of -3 + 9 + 0 + -7?
-1
0 - (-18 + (-5 - -14))
9
Evaluate 3 + -3 + -11 + 7.
-4
(-7 - -5 - 2 - -2) + 6
4
Calculate 13 - 7 - (4 + -2) - -1.
5
-10 + -3 + (0 - -8)
-5
What is the value of 1 + -3 + 3 + -2 - -6?
5
What is the value of 1 + 2 + (7 - (-16 + 17))?
9
Evaluate 3 + (1 - 0 - (1 - 0)).
3
What is the value of 9 + (1 - (7 - -1))?
2
3 + -3 + 3 - (9 + -2)
-4
Evaluate (-5 - (3 + -6 - 0)) + 0.
-2
What is the value of 1 - 1 - (5 - 4 - 4)?
3
Calculate (1 - 0) + -14 - -11.
-2
Calculate -5 + 6 + (1 - 3).
-1
5 - (-3 - (-4 - -3)) - 2
5
What is the value of -19 - -11 - (-1 + -13)?
6
Evaluate -2 - (-1 - -3 - -1).
-5
What is -29 + 22 + -1 + 7?
-1
3 + 1 + 1 + -5
0
What is -1 + 4 + (-5 - (-6 - 0))?
4
Calculate -11 - (11 + -5 + -9) - -4.
-4
Evaluate -5 + 0 + 1 - (7 - 12).
1
Evaluate (14 - 13) + -1 + -1.
-1
What is the value of -3 - ((1 - 3) + -2 + 1)?
0
What is the value of 2 + (-6 - (-2 - 2) - 6)?
-6
Evaluate (-3 + 7 - 5) + 3.
2
Evaluate -17 + (5 + 8 - 1).
-5
Evaluate (-6 - -11 - -1) + (-4 - -1).
3
What is (6 - 13) + 12 + 2 + -